)/(-4)?
3, 11, 23
List the prime factors of ((-1)/(11/(-33)) + 29)/(2/1645).
2, 5, 7, 47
Suppose m - 1885 = 2*p, 2*m + 5*p = 7*m - 9450. Let i = -1297 + m. What are the prime factors of i?
2, 13, 23
Suppose p - 5990 - 23685 = -2*z, 14835 = z + 3*p. List the prime factors of z.
2, 3, 2473
Suppose -5*i + 4888 + 5046 = 4*h, -1981 = -i + 5*h. Suppose i = 4*s - 358. What are the prime factors of s?
2, 293
Let r(o) = -o**3 - 10*o**2 - 3*o - 32. Let c be r(-10). What are the prime factors of (-1 - 729/(-6))/((-1)/c)?
241
Let t = 36583 + -15104. List the prime factors of t.
47, 457
Let f = 3773 - -443. What are the prime factors of f?
2, 17, 31
Suppose 16*s - 49713 = 328543. List the prime factors of s.
47, 503
Suppose n - 30 = -3*v, -2*n + 24 = 3*v - 3*n. Let d(y) = 2*y**3 - 4*y**2 - 6*y - 32. List the prime factors of d(v).
2, 131
List the prime factors of (-6)/27 - (903100/(-180) + 4).
3, 557
Let r = -31998 - -88961. What are the prime factors of r?
56963
Suppose -4*j = 5*v - 43534, -j + 8*v - 11*v = -10894. What are the prime factors of j?
2, 2719
Suppose 75*x - 173082 = 71*x - p, -5*p + 216330 = 5*x. List the prime factors of x.
2, 3, 601
Let b be (1460/(-3))/(5/(30/(-4))). Let s = b + -516. List the prime factors of s.
2, 107
Let t(w) = -w**3 + 58*w**2 + 183*w + 75. List the prime factors of t(58).
3, 7, 509
Suppose 0 = -28*r - 3632 + 22728. What are the prime factors of r + ((-14)/(-6) - 7/21)?
2, 3, 19
Let w be -263*1 + (-8)/64*0. Let l = 69 + w. Let r = -72 - l. What are the prime factors of r?
2, 61
Let p = 774 + -770. Suppose h - 7*y - 381 = -12*y, p*h - 1460 = -4*y. What are the prime factors of h?
19
List the prime factors of (-2036)/(-3054)*((-747810)/(-4))/3.
5, 7, 1187
Suppose 2*a + 8376 = 2*y, -12322 - 207 = -3*y - 4*a. What are the prime factors of y?
47, 89
Suppose 19*z + 409049 = 116*z. What are the prime factors of z?
4217
Suppose -143*n + 146*n = -36. Suppose -3*g + 27 + 77 = 2*z, 61 = 2*g + 3*z. Let f = g + n. What are the prime factors of f?
2, 13
Suppose 0 = 2*m + 2*n + 4, 5*m - 10 - 10 = 5*n. Let a be (9/15*m)/((-2)/(-10)). List the prime factors of (-3 + a)/5 + 133.
7, 19
Let o(y) = -y**2 + 19*y + 9. Let j(h) be the second derivative of 2*h**3/3 + 7*h**2/2 - 6*h. Let g be j(3). List the prime factors of o(g).
3
What are the prime factors of (2 - (-6 + 7))*(-7 + 4581)?
2, 2287
Suppose -142 = 9*f - 196. Let j = 122 + -70. List the prime factors of j + f*(-4)/(-8).
5, 11
Let g be ((-4)/(-6))/(5 - 64158/12834). Suppose -3*x = g - 2378. List the prime factors of x.
3, 5, 37
What are the prime factors of (-7836 - (-4 + -1))*(-4)/(-16)*-4?
41, 191
List the prime factors of 6588258/161 + -3 - (-2)/14.
2, 41, 499
Let d(z) = z**2 - 12*z + 25. Let y be d(3). Let u(f) = 11*f**2 + 2*f - 1 - 1 + 34*f**2. List the prime factors of u(y).
2, 3, 29
Let a(j) = -2*j**2 - 42*j - 33. Let i be a(-20). List the prime factors of 1 + 0 + i/((-35)/(-635)).
2
Let s = 94 + -136. Let h = 78 + s. Suppose -a + h + 9 = 0. What are the prime factors of a?
3, 5
Let x(u) = 5 + 1197*u**2 + 1 - 8. What are the prime factors of x(1)?
5, 239
Suppose -392 - 1483 = -68*g + 97. What are the prime factors of g?
29
Suppose -1405056 = -371*x - 1375164 + 3971714. What are the prime factors of x?
2, 5393
Suppose 0 = 14*l - 13*l + 46. Let q = l + 53. List the prime factors of (9 - q) + 141 + 2.
5, 29
List the prime factors of (6 - -3) + (156/13 - -1095).
2, 3, 31
Let m be -3 - -3 - -2 - 2. Suppose 3*a - 487 - 1289 = m. List the prime factors of a.
2, 37
Suppose -12*b = -11*b + 284. What are the prime factors of 15/50*25*b/(-6)?
5, 71
Suppose 59*h - 41918 = 40505. List the prime factors of h.
11, 127
Suppose 6*j + 124 = 7*j. Suppose 2*i - 2*z - j = -6*z, 0 = z. Suppose -2*t = i - 286. What are the prime factors of t?
2, 7
Suppose 2*m = -10, -34 = 4*f + 3*m + 9. What are the prime factors of 131/(18/42 + (-4)/f)?
131
Let b = 560 + -555. Suppose 0 = g + 2*s - 1421, -8*s + 7084 = b*g - 5*s. List the prime factors of g.
5, 283
Let w(l) = 2*l + 52. Suppose -132*n = -136*n - 112. Let m be w(n). Let p(t) = t**2 - 12*t - 9. What are the prime factors of p(m)?
5, 11
Suppose -5*u = 5, 142 = 5*j - 5*u + 3*u. Let b = j + -135. List the prime factors of (-4)/6 + (-16)/12 - b.
3, 5, 7
Let v = 1910 - -4297. List the prime factors of v.
3, 2069
Suppose -4*s - 1523*w + 1518*w + 43434 = 0, -5*w = -2*s + 21702. List the prime factors of s.
2, 23, 59
Suppose 0*x - 6*x = -24. Let l(t) = -23*t - 4 + 3 - 2 - x. What are the prime factors of l(-4)?
5, 17
Suppose -5*w = 2*z - 64, -4*w - z + 53 = -0*w. Suppose -w*v + 6936 = -6*v. What are the prime factors of v?
3, 17
Suppose 131522 = 654*o - 652*o - 4*g, -4*o = -5*g - 263047. What are the prime factors of o?
3, 7307
Let w = -22 + 38. Let k be (0 + 2)/((w/(-9))/(-8)). Suppose k*c - 132 = 7*c. What are the prime factors of c?
2, 3, 11
Let j = 2514 - 1639. What are the prime factors of j?
5, 7
Let y(q) = q**2 + 4*q - 19. Let i be (-3)/5*2/(-4)*10. Let p(d) = -6*d + 7. Let m be p(i). What are the prime factors of y(m)?
2, 29
Let b(d) = 193*d + 36. Let l be ((-147)/(-63))/((-2)/(-6)). What are the prime factors of b(l)?
19, 73
Let p = -3853 + 6253. List the prime factors of p.
2, 3, 5
Let h be (-18)/54 + 10072/3. Suppose 0 = 10*u - u - h. What are the prime factors of u?
373
Let z(n) = -9*n + 30 - 18*n - 10. Let y be z(6). Let m = -91 - y. What are the prime factors of m?
3, 17
Suppose -p - 5 = -o, 0*p + 39 = -3*p - 5*o. Let h(w) = -3*w - 2. Let s be h(p). What are the prime factors of 4/s + (-7)/(308/(-7120))?
2, 3
Let o = -188 - 52. Let c = o - -474. Suppose c = 3*d - 3*t, 0*t + 86 = d + t. What are the prime factors of d?
2, 41
Suppose 6*k - k - g - 11 = 0, -k - 5 = -2*g. Suppose 4*l + 6 = -z, z - 2*z = l - k. Suppose -77 = -z*q + 5*q. What are the prime factors of q?
7, 11
Suppose 30*r - 36*r + 30 = 0. Suppose -7 = -g - 2*d + 6, 4*d = r*g - 9. Suppose -51 - 154 = -g*j. What are the prime factors of j?
41
Let o(m) be the third derivative of m**6/120 - m**5/20 + m**4/8 - m**3 + m**2. Let u be o(2). List the prime factors of u/20 + 564/20.
2, 7
Let x(u) be the second derivative of -13/2*u**2 - 1/12*u**4 + 0 + 7/3*u**3 + 8*u. What are the prime factors of x(10)?
3
Let y = -10281 + 28551. What are the prime factors of y?
2, 3, 5, 7, 29
Let z = -47 - -40. Let f(v) = -2*v**3 - 6*v**2 + 20*v + 19. What are the prime factors of f(z)?
271
Suppose -40936 = 12*b - 102364. List the prime factors of b.
5119
List the prime factors of 130/(3*-6*(-9)/9153).
5, 13, 113
What are the prime factors of (-2 + 1)/(((-72)/80484)/6)?
19, 353
What are the prime factors of 899698/10 + 12749/(-3355)?
2, 44983
Let b(z) = 9 - 242*z + 17 + 229*z. List the prime factors of b(0).
2, 13
Let g(s) = 9994*s**2 + 17*s + 4. List the prime factors of g(1).
5, 2003
Suppose -7*h - 703 + 745 = 0. Suppose -4*o + 872 = 5*s, -s = -h*s. What are the prime factors of o?
2, 109
Let l = -773 + 355. Let x = -177 - l. List the prime factors of x.
241
Suppose j + 14 = 13. Let k be 4*7/(-14) - (0 + j). What are the prime factors of 251 - (5 + -5 + k)?
2, 3, 7
Let y(x) = 4*x**3 - x. Let c be y(1). Suppose 0*l + 66 = -c*l. Let z = 16 - l. What are the prime factors of z?
2, 19
Suppose 0 = -j + 4*u + 1200, 2*j + 4*u = 520 + 1880. Suppose 3*n - 5*p = 876, -j = -4*n - p - 3*p. List the prime factors of n.
3, 11
Suppose 2*q - 6404 = 4*f, -2*q = -2*f + 1596 - 7988. What are the prime factors of q?
2, 5, 11, 29
Let s(u) = 1770*u**3 - 5*u**2 + 7*u - 6. What are the prime factors of s(2)?
2, 3, 131
Let p = 74095 - 51825. List the prime factors of p.
2, 5, 17, 131
Let z(v) = -2*v**3 + 5*v**2 - 20*v - 4. Let l(c) = -c**3 - c**2 - c - 1. Let d(g) = -5*l(g) + z(g). What are the prime factors of d(5)?
19, 29
List the prime factors of (-252)/72*622/(-7).
311
Let v(o) = -o**3 - 25*o**2 + 40*o - 96. List the prime factors of v(-31).
2, 5, 443
Let h(p) = -p**3 - 6*p**2 - 3*p - 33. Let s be 1 - (-52)/(-6) - 20/(-30). What are the prime factors of h(s)?
37
Suppose 21*n + 44*n - 50*n = 144165. List the prime factors of n.
7, 1373
Suppose -3*s + 2*n = -69646, 92860 = -0*s + 4*s - 3*n. What are the prime factors of s?
2, 13, 19, 47
Suppose 47*t + 113685 - 1752885 = -49*t. What are the prime factors of t?
5, 683
Suppose -4